{"id":134,"date":"2024-06-03T22:40:03","date_gmt":"2024-06-03T20:40:03","guid":{"rendered":"https:\/\/enstagram-portfolio.data-ensta.fr\/wordpress\/?page_id=134"},"modified":"2024-07-17T13:42:13","modified_gmt":"2024-07-17T11:42:13","slug":"studio","status":"publish","type":"page","link":"https:\/\/enstagram.data-ensta.fr\/?page_id=134","title":{"rendered":"Studio"},"content":{"rendered":"\n<p>Vous avez une id\u00e9e ? Vous h\u00e9sitez encore ? Envoyez nous un message ! <\/p>\n\n\n\n<p>C&rsquo;est une opportunit\u00e9 \u00e0 ne pas manquer. Pas besoin d&rsquo;avoir d\u00e9j\u00e0 pos\u00e9 on vous guidera !<\/p>\n\n\n\n<hr class=\"wp-block-separator has-alpha-channel-opacity\"\/>\n\n\n\n<div class=\"wp-block-columns is-layout-flex wp-container-core-columns-is-layout-28f84493 wp-block-columns-is-layout-flex\">\n<div class=\"wp-block-column is-layout-flow wp-block-column-is-layout-flow\" style=\"flex-basis:100%\">\n<figure class=\"wp-block-gallery has-nested-images columns-2 wp-block-gallery-1 is-layout-flex wp-block-gallery-is-layout-flex\">\n<figure class=\"wp-block-image size-large\"><img fetchpriority=\"high\" decoding=\"async\" width=\"1500\" height=\"1125\" data-id=\"192\" src=\"http:\/\/enstagram.data-ensta.fr\/wp-content\/uploads\/2024\/06\/IMG_7931.jpg\" alt=\"\" class=\"wp-image-192\"\/><\/figure>\n\n\n\n<figure class=\"wp-block-image size-large\"><img decoding=\"async\" width=\"1500\" height=\"1000\" data-id=\"221\" src=\"http:\/\/enstagram.data-ensta.fr\/wp-content\/uploads\/2024\/06\/IMG_7798.jpg\" alt=\"\" class=\"wp-image-221\"\/><\/figure>\n\n\n\n<figure class=\"wp-block-image size-large\"><img decoding=\"async\" width=\"1153\" height=\"1500\" data-id=\"217\" src=\"http:\/\/enstagram.data-ensta.fr\/wp-content\/uploads\/2024\/06\/IMG_7808.jpg\" alt=\"\" class=\"wp-image-217\"\/><\/figure>\n\n\n\n<figure class=\"wp-block-image size-large\"><img loading=\"lazy\" decoding=\"async\" width=\"1000\" height=\"1500\" data-id=\"213\" src=\"http:\/\/enstagram.data-ensta.fr\/wp-content\/uploads\/2024\/06\/IMG_7823.jpg\" alt=\"\" class=\"wp-image-213\"\/><\/figure>\n\n\n\n<figure class=\"wp-block-image size-large\"><img loading=\"lazy\" decoding=\"async\" width=\"1000\" height=\"1500\" data-id=\"214\" src=\"http:\/\/enstagram.data-ensta.fr\/wp-content\/uploads\/2024\/06\/IMG_7815.jpg\" alt=\"\" class=\"wp-image-214\"\/><\/figure>\n\n\n\n<figure class=\"wp-block-image size-large\"><img loading=\"lazy\" decoding=\"async\" width=\"1500\" height=\"1000\" data-id=\"210\" src=\"http:\/\/enstagram.data-ensta.fr\/wp-content\/uploads\/2024\/06\/IMG_7831.jpg\" alt=\"\" class=\"wp-image-210\"\/><\/figure>\n\n\n\n<figure class=\"wp-block-image size-large\"><img loading=\"lazy\" decoding=\"async\" width=\"1000\" height=\"1500\" data-id=\"207\" src=\"http:\/\/enstagram.data-ensta.fr\/wp-content\/uploads\/2024\/06\/IMG_7852.jpg\" alt=\"\" class=\"wp-image-207\"\/><\/figure>\n\n\n\n<figure class=\"wp-block-image size-large\"><img loading=\"lazy\" decoding=\"async\" width=\"1000\" height=\"1500\" data-id=\"201\" src=\"http:\/\/enstagram.data-ensta.fr\/wp-content\/uploads\/2024\/06\/IMG_7919.jpg\" alt=\"\" class=\"wp-image-201\"\/><\/figure>\n\n\n\n<figure class=\"wp-block-image size-large\"><img loading=\"lazy\" decoding=\"async\" width=\"1151\" height=\"1500\" data-id=\"194\" src=\"http:\/\/enstagram.data-ensta.fr\/wp-content\/uploads\/2024\/06\/IMG_7919-1.jpg\" alt=\"\" class=\"wp-image-194\"\/><\/figure>\n\n\n\n<figure class=\"wp-block-image size-large\"><img loading=\"lazy\" decoding=\"async\" width=\"1000\" height=\"1500\" data-id=\"196\" src=\"http:\/\/enstagram.data-ensta.fr\/wp-content\/uploads\/2024\/06\/IMG_7899.jpg\" alt=\"\" class=\"wp-image-196\"\/><\/figure>\n\n\n\n<figure class=\"wp-block-image size-large\"><img loading=\"lazy\" decoding=\"async\" width=\"1500\" height=\"1020\" data-id=\"193\" src=\"http:\/\/enstagram.data-ensta.fr\/wp-content\/uploads\/2024\/06\/IMG_7930.jpg\" alt=\"\" class=\"wp-image-193\"\/><\/figure>\n<\/figure>\n<\/div>\n<\/div>\n","protected":false},"excerpt":{"rendered":"<p>Vous avez une id\u00e9e ? Vous h\u00e9sitez encore ? Envoyez nous un message ! C&rsquo;est une opportunit\u00e9 \u00e0 ne pas manquer. Pas besoin d&rsquo;avoir d\u00e9j\u00e0 pos\u00e9 on vous guidera !<\/p>\n","protected":false},"author":2,"featured_media":0,"parent":0,"menu_order":0,"comment_status":"closed","ping_status":"closed","template":"","meta":{"footnotes":""},"class_list":["post-134","page","type-page","status-publish","hentry"],"_links":{"self":[{"href":"https:\/\/enstagram.data-ensta.fr\/index.php?rest_route=\/wp\/v2\/pages\/134","targetHints":{"allow":["GET"]}}],"collection":[{"href":"https:\/\/enstagram.data-ensta.fr\/index.php?rest_route=\/wp\/v2\/pages"}],"about":[{"href":"https:\/\/enstagram.data-ensta.fr\/index.php?rest_route=\/wp\/v2\/types\/page"}],"author":[{"embeddable":true,"href":"https:\/\/enstagram.data-ensta.fr\/index.php?rest_route=\/wp\/v2\/users\/2"}],"replies":[{"embeddable":true,"href":"https:\/\/enstagram.data-ensta.fr\/index.php?rest_route=%2Fwp%2Fv2%2Fcomments&post=134"}],"version-history":[{"count":8,"href":"https:\/\/enstagram.data-ensta.fr\/index.php?rest_route=\/wp\/v2\/pages\/134\/revisions"}],"predecessor-version":[{"id":251,"href":"https:\/\/enstagram.data-ensta.fr\/index.php?rest_route=\/wp\/v2\/pages\/134\/revisions\/251"}],"wp:attachment":[{"href":"https:\/\/enstagram.data-ensta.fr\/index.php?rest_route=%2Fwp%2Fv2%2Fmedia&parent=134"}],"curies":[{"name":"wp","href":"https:\/\/api.w.org\/{rel}","templated":true}]}}